{"id":59,"date":"2012-12-12T09:50:45","date_gmt":"2012-12-12T08:50:45","guid":{"rendered":"http:\/\/villa-loches.com\/fr\/?page_id=59"},"modified":"2018-03-29T13:22:08","modified_gmt":"2018-03-29T12:22:08","slug":"disclaimer","status":"publish","type":"page","link":"https:\/\/villa-loches.com\/fr\/disclaimer\/","title":{"rendered":"Disclaimer"},"content":{"rendered":"<h1>Mentions L\u00e9gales<\/h1>\n<p>&nbsp;<\/p>\n<div>\n<h3 style=\"margin-bottom: 0px;\">COORDONN\u00c9ES<\/h3>\n<div style=\"margin-left: 5px;\"><strong>Silvia D&rsquo;Aronco Dembitzer<\/strong><\/p>\n<p style=\"margin-top: -5px;\">12, mail de la Poterie<br \/>\n37600 Loches<br \/>\nTel: +33 (0)6 07 78 05 93<br \/>\nE-mail : <a href=\"mailto:villa.pigeonnier.loches@gmail.com\">villa.pigeonnier.loches@gmail.com<\/a><\/p>\n<\/div>\n<p>&nbsp;<\/p>\n<h3 style=\"margin-bottom: 0px;\">DROITS D&rsquo;AUTEUR<\/h3>\n<div style=\"margin-left: 5px;\">\n<p style=\"margin-top: 0px;\">Aucune reproduction, m\u00eame partielle, autres que celles pr\u00e9vues \u00e0 l&rsquo;article,<br \/>\nL 122-5 du code de la propri\u00e9t\u00e9 intellectuelle, ne peut \u00eatre faite de ce site<br \/>\nsans l&rsquo;autorisation expresse de Silvia D&rsquo;Aronco Dembitzer.<\/p>\n<\/div>\n<p>&nbsp;<\/p>\n<h3 style=\"margin-bottom: 0px;\">CR\u00c9DIT PHOTOGRAPHIQUE<\/h3>\n<p style=\"margin-top: 0px;\">\n<p>&nbsp;<\/p>\n<h3 style=\"margin-bottom: 0px;\">CONCEPTION DU SITE<\/h3>\n<div style=\"margin-left: 5px;\"><strong>Ambin Informatique<\/strong><\/p>\n<p style=\"margin-top: -5px;\">17 rue des Granges Galand<br \/>\n37550 Saint Avertin<br \/>\nTel: +33 (0)2 47 35 76 04<br \/>\nSite web: <a href=\"http:\/\/www.ambin.fr\/\" target=\"_blank\">http:\/\/www.ambin.fr\/<\/a><\/p>\n<\/div>\n<\/div>\n","protected":false},"excerpt":{"rendered":"<p>Mentions L\u00e9gales &nbsp; COORDONN\u00c9ES Silvia D&rsquo;Aronco Dembitzer 12, mail de la Poterie 37600 Loches Tel: +33 (0)6 07 78 05 93 E-mail : villa.pigeonnier.loches@gmail.com &nbsp; DROITS D&rsquo;AUTEUR Aucune reproduction, m\u00eame partielle, autres que celles pr\u00e9vues \u00e0 l&rsquo;article, L 122-5 du code de la propri\u00e9t\u00e9 intellectuelle, ne peut \u00eatre faite de ce site sans l&rsquo;autorisation expresse [&hellip;]<\/p>\n","protected":false},"author":1,"featured_media":0,"parent":0,"menu_order":0,"comment_status":"closed","ping_status":"closed","template":"","meta":[],"_links":{"self":[{"href":"https:\/\/villa-loches.com\/fr\/wp-json\/wp\/v2\/pages\/59"}],"collection":[{"href":"https:\/\/villa-loches.com\/fr\/wp-json\/wp\/v2\/pages"}],"about":[{"href":"https:\/\/villa-loches.com\/fr\/wp-json\/wp\/v2\/types\/page"}],"author":[{"embeddable":true,"href":"https:\/\/villa-loches.com\/fr\/wp-json\/wp\/v2\/users\/1"}],"replies":[{"embeddable":true,"href":"https:\/\/villa-loches.com\/fr\/wp-json\/wp\/v2\/comments?post=59"}],"version-history":[{"count":45,"href":"https:\/\/villa-loches.com\/fr\/wp-json\/wp\/v2\/pages\/59\/revisions"}],"predecessor-version":[{"id":1717,"href":"https:\/\/villa-loches.com\/fr\/wp-json\/wp\/v2\/pages\/59\/revisions\/1717"}],"wp:attachment":[{"href":"https:\/\/villa-loches.com\/fr\/wp-json\/wp\/v2\/media?parent=59"}],"curies":[{"name":"wp","href":"https:\/\/api.w.org\/{rel}","templated":true}]}}

<h1>Mentions Légales</h1>
<p>&nbsp;</p>
<div>
<h3 style="margin-bottom: 0px;">COORDONNÉES</h3>
<div style="margin-left: 5px;"><strong>Silvia D&rsquo;Aronco Dembitzer</strong></p>
<p style="margin-top: -5px;">12, mail de la Poterie<br />
37600 Loches<br />
Tel: +33 (0)6 07 78 05 93<br />
E-mail : <a href="mailto:villa.pigeonnier.loches@gmail.com">villa.pigeonnier.loches@gmail.com</a></p>
</div>
<p>&nbsp;</p>
<h3 style="margin-bottom: 0px;">DROITS D&rsquo;AUTEUR</h3>
<div style="margin-left: 5px;">
<p style="margin-top: 0px;">Aucune reproduction, même partielle, autres que celles prévues à l&rsquo;article,<br />
L 122-5 du code de la propriété intellectuelle, ne peut être faite de ce site<br />
sans l&rsquo;autorisation expresse de Silvia D&rsquo;Aronco Dembitzer.</p>
</div>
<p>&nbsp;</p>
<h3 style="margin-bottom: 0px;">CRÉDIT PHOTOGRAPHIQUE</h3>
<p style="margin-top: 0px;">
<p>&nbsp;</p>
<h3 style="margin-bottom: 0px;">CONCEPTION DU SITE</h3>
<div style="margin-left: 5px;"><strong>Ambin Informatique</strong></p>
<p style="margin-top: -5px;">17 rue des Granges Galand<br />
37550 Saint Avertin<br />
Tel: +33 (0)2 47 35 76 04<br />
Site web: <a href="http://www.ambin.fr/" target="_blank">http://www.ambin.fr/</a></p>
</div>
</div>

<p>Mentions Légales &nbsp; COORDONNÉES Silvia D&rsquo;Aronco Dembitzer 12, mail de la Poterie 37600 Loches Tel: +33 (0)6 07 78 05 93 E-mail : villa.pigeonnier.loches@gmail.com &nbsp; DROITS D&rsquo;AUTEUR Aucune reproduction, même partielle, autres que celles prévues à l&rsquo;article, L 122-5 du code de la propriété intellectuelle, ne peut être faite de ce site sans l&rsquo;autorisation expresse [&hellip;]</p>
